{"id":1917,"date":"2022-12-30T17:44:38","date_gmt":"2022-12-30T16:44:38","guid":{"rendered":"https:\/\/smartrecovery.org.es\/?page_id=1917"},"modified":"2023-03-10T13:21:02","modified_gmt":"2023-03-10T12:21:02","slug":"blog","status":"publish","type":"page","link":"https:\/\/smartrecovery.org.es\/staging\/blog\/","title":{"rendered":"Blog"},"content":{"rendered":"<style>.kadence-column_c0535d-58 > .kt-inside-inner-col,.kadence-column_c0535d-58 > .kt-inside-inner-col:before{border-top-left-radius:0px;border-top-right-radius:0px;border-bottom-right-radius:0px;border-bottom-left-radius:0px;}.kadence-column_c0535d-58 > .kt-inside-inner-col{column-gap:var(--global-kb-gap-sm, 1rem);}.kadence-column_c0535d-58 > .kt-inside-inner-col{flex-direction:column;}.kadence-column_c0535d-58 > .kt-inside-inner-col > .aligncenter{width:100%;}.kadence-column_c0535d-58 > .kt-inside-inner-col:before{opacity:0.3;}.kadence-column_c0535d-58{position:relative;}@media all and (max-width: 1024px){.kadence-column_c0535d-58 > .kt-inside-inner-col{flex-direction:column;justify-content:center;}}@media all and (max-width: 767px){.kadence-column_c0535d-58 > .kt-inside-inner-col{flex-direction:column;justify-content:center;}}<\/style>\n<div class=\"wp-block-kadence-column kadence-column_c0535d-58\"><div class=\"kt-inside-inner-col\"><style>.wp-block-kadence-advancedheading.kt-adv-heading_29be91-9a, .wp-block-kadence-advancedheading.kt-adv-heading_29be91-9a[data-kb-block=\"kb-adv-heading_29be91-9a\"]{margin-top:var(--global-kb-spacing-sm, 1.5rem);text-align:center;font-style:normal;}.wp-block-kadence-advancedheading.kt-adv-heading_29be91-9a mark.kt-highlight, .wp-block-kadence-advancedheading.kt-adv-heading_29be91-9a[data-kb-block=\"kb-adv-heading_29be91-9a\"] mark.kt-highlight{font-style:normal;color:#f76a0c;-webkit-box-decoration-break:clone;box-decoration-break:clone;padding-top:0px;padding-right:0px;padding-bottom:0px;padding-left:0px;}<\/style>\n<h1 class=\"kt-adv-heading_29be91-9a wp-block-kadence-advancedheading\" data-kb-block=\"kb-adv-heading_29be91-9a\">BLOG: Noticias, Art\u00edculos, Avisos y m\u00e1s&#8230;<\/h1>\n\n\n<ul class=\"wp-block-kadence-posts kb-posts kadence-posts-list kb-posts-id-_e672eb-e9 content-wrap grid-cols kb-posts-style-boxed grid-sm-col-2 grid-lg-col-3 item-image-style-above\"><li class=\"kb-post-list-item\">\n\t<article class=\"entry content-bg loop-entry post-5126 post type-post status-publish format-standard hentry category-adicciones category-articulos category-general\">\n\t\t\t\t<div class=\"entry-content-wrap\">\n\t\t\t<header class=\"entry-header\">\n\t\t<div class=\"entry-taxonomies\">\n\t\t<span class=\"category-links term-links category-style-normal\">\n\t\t\t<a href=\"https:\/\/smartrecovery.org.es\/staging\/category\/adicciones\/\" class=\"category-link-adicciones\" rel=\"tag\">Adicciones<\/a> | <a href=\"https:\/\/smartrecovery.org.es\/staging\/category\/articulos\/\" class=\"category-link-articulos\" rel=\"tag\">Articulos<\/a> | <a href=\"https:\/\/smartrecovery.org.es\/staging\/category\/general\/\" class=\"category-link-general\" rel=\"tag\">General<\/a>\t\t<\/span>\n\t<\/div><!-- .entry-taxonomies -->\n\t<h2 class=\"entry-title\"><a href=\"https:\/\/smartrecovery.org.es\/staging\/estas-teniendo-dificultades-para-perdonarte-a-ti-mismo\/\" rel=\"bookmark\">\u00bfEst\u00e1s teniendo dificultades para perdonarte a ti mismo?<\/a><\/h2>\t<div class=\"entry-meta entry-meta-divider-dot\">\n\t<span class=\"posted-by\"><span class=\"meta-label\">Por<\/span><span class=\"author vcard\"><span class=\"fn n\">Jodi S<\/span><\/span><\/span>\t\t\t<span class=\"posted-on\">\n\t\t\t\t<time class=\"entry-date published\" datetime=\"2024-01-26T09:35:55-05:00\">26\/01\/2024<\/time><time class=\"updated\" datetime=\"2024-01-26T09:39:44-05:00\">26\/01\/2024<\/time>\t\t\t<\/span>\n\t\t\t\t<\/div><!-- .entry-meta -->\n\t<\/header><!-- .entry-header -->\n\t<div class=\"entry-summary\">\n\t\t<p>Siempre sent\u00ed que perdonarme a mi m\u00edsma era una pieza esencial de mi recuperaci\u00f3n de mis comportamientos adictivos, sin embargo, no importa lo que hiciera, no pod\u00eda encontrar una manera de perdonarme completamente. A trav\u00e9s de incontables horas de autoexploraci\u00f3n, escritura en diarios, meditaci\u00f3n, numerosas reuniones de recuperaci\u00f3n y terapia profesional, descubr\u00ed que estaba persiguiendo&#8230;<\/p>\n\t<\/div><!-- .entry-summary -->\n\t<footer class=\"entry-footer\">\n\t\t\t<div class=\"entry-actions\">\n\t\t\t<p class=\"more-link-wrap\">\n\t\t\t\t<a href=\"https:\/\/smartrecovery.org.es\/staging\/estas-teniendo-dificultades-para-perdonarte-a-ti-mismo\/\" class=\"post-more-link\">\n\t\t\t\t\tLeer m\u00e1s<span class=\"screen-reader-text\"> \u00bfEst\u00e1s teniendo dificultades para perdonarte a ti mismo?<\/span><span class=\"kadence-svg-iconset svg-baseline\"><svg aria-hidden=\"true\" class=\"kadence-svg-icon kadence-arrow-right-alt-svg\" fill=\"currentColor\" version=\"1.1\" xmlns=\"http:\/\/www.w3.org\/2000\/svg\" width=\"27\" height=\"28\" viewBox=\"0 0 27 28\"><title>Continuar<\/title><path d=\"M27 13.953c0 0.141-0.063 0.281-0.156 0.375l-6 5.531c-0.156 0.141-0.359 0.172-0.547 0.094-0.172-0.078-0.297-0.25-0.297-0.453v-3.5h-19.5c-0.281 0-0.5-0.219-0.5-0.5v-3c0-0.281 0.219-0.5 0.5-0.5h19.5v-3.5c0-0.203 0.109-0.375 0.297-0.453s0.391-0.047 0.547 0.078l6 5.469c0.094 0.094 0.156 0.219 0.156 0.359v0z\"><\/path>\n\t\t\t<\/svg><\/span>\t\t\t\t<\/a>\n\t\t\t<\/p>\n\t\t<\/div><!-- .entry-actions -->\n\t\t<\/footer><!-- .entry-footer -->\t\t<\/div>\n\t<\/article>\n<\/li>\n<li class=\"kb-post-list-item\">\n\t<article class=\"entry content-bg loop-entry post-4870 post type-post status-publish format-standard hentry category-general\">\n\t\t\t\t<div class=\"entry-content-wrap\">\n\t\t\t<header class=\"entry-header\">\n\t\t<div class=\"entry-taxonomies\">\n\t\t<span class=\"category-links term-links category-style-normal\">\n\t\t\t<a href=\"https:\/\/smartrecovery.org.es\/staging\/category\/general\/\" class=\"category-link-general\" rel=\"tag\">General<\/a>\t\t<\/span>\n\t<\/div><!-- .entry-taxonomies -->\n\t<h2 class=\"entry-title\"><a href=\"https:\/\/smartrecovery.org.es\/staging\/la-imperfeccion-de-la-perfeccion\/\" rel=\"bookmark\">La imperfecci\u00f3n de la perfecci\u00f3n<\/a><\/h2>\t<div class=\"entry-meta entry-meta-divider-dot\">\n\t<span class=\"posted-by\"><span class=\"meta-label\">Por<\/span><span class=\"author vcard\"><span class=\"fn n\">Juan<\/span><\/span><\/span>\t\t\t<span class=\"posted-on\">\n\t\t\t\t<time class=\"entry-date published updated\" datetime=\"2023-05-05T13:00:38-04:00\">05\/05\/2023<\/time>\t\t\t<\/span>\n\t\t\t\t<\/div><!-- .entry-meta -->\n\t<\/header><!-- .entry-header -->\n\t<div class=\"entry-summary\">\n\t\t<p>por Jeff Goldman, M.A. \u00bfQu\u00e9 es la perfecci\u00f3n? \u00bfQue no haya defectos? \u00bfY qu\u00e9 es un defecto? \u00bfAlgo que no es perfecto? \u00a1Me suena falso y circular! Sin embargo, muchos se esfuerzan por ser perfectos, a pesar de que, l\u00f3gicamente, esta l\u00ednea de pensamiento no tiene sentido en muchos casos. De hecho, \u00a1tiene m\u00e1s agujeros&#8230;<\/p>\n\t<\/div><!-- .entry-summary -->\n\t<footer class=\"entry-footer\">\n\t\t\t<div class=\"entry-actions\">\n\t\t\t<p class=\"more-link-wrap\">\n\t\t\t\t<a href=\"https:\/\/smartrecovery.org.es\/staging\/la-imperfeccion-de-la-perfeccion\/\" class=\"post-more-link\">\n\t\t\t\t\tLeer m\u00e1s<span class=\"screen-reader-text\"> La imperfecci\u00f3n de la perfecci\u00f3n<\/span><span class=\"kadence-svg-iconset svg-baseline\"><svg aria-hidden=\"true\" class=\"kadence-svg-icon kadence-arrow-right-alt-svg\" fill=\"currentColor\" version=\"1.1\" xmlns=\"http:\/\/www.w3.org\/2000\/svg\" width=\"27\" height=\"28\" viewBox=\"0 0 27 28\"><title>Continuar<\/title><path d=\"M27 13.953c0 0.141-0.063 0.281-0.156 0.375l-6 5.531c-0.156 0.141-0.359 0.172-0.547 0.094-0.172-0.078-0.297-0.25-0.297-0.453v-3.5h-19.5c-0.281 0-0.5-0.219-0.5-0.5v-3c0-0.281 0.219-0.5 0.5-0.5h19.5v-3.5c0-0.203 0.109-0.375 0.297-0.453s0.391-0.047 0.547 0.078l6 5.469c0.094 0.094 0.156 0.219 0.156 0.359v0z\"><\/path>\n\t\t\t<\/svg><\/span>\t\t\t\t<\/a>\n\t\t\t<\/p>\n\t\t<\/div><!-- .entry-actions -->\n\t\t<\/footer><!-- .entry-footer -->\t\t<\/div>\n\t<\/article>\n<\/li>\n<li class=\"kb-post-list-item\">\n\t<article class=\"entry content-bg loop-entry post-4793 post type-post status-publish format-standard hentry category-general\">\n\t\t\t\t<div class=\"entry-content-wrap\">\n\t\t\t<header class=\"entry-header\">\n\t\t<div class=\"entry-taxonomies\">\n\t\t<span class=\"category-links term-links category-style-normal\">\n\t\t\t<a href=\"https:\/\/smartrecovery.org.es\/staging\/category\/general\/\" class=\"category-link-general\" rel=\"tag\">General<\/a>\t\t<\/span>\n\t<\/div><!-- .entry-taxonomies -->\n\t<h2 class=\"entry-title\"><a href=\"https:\/\/smartrecovery.org.es\/staging\/lapsos-y-relapsos\/\" rel=\"bookmark\">Lapsos y relapsos<\/a><\/h2>\t<div class=\"entry-meta entry-meta-divider-dot\">\n\t<span class=\"posted-by\"><span class=\"meta-label\">Por<\/span><span class=\"author vcard\"><span class=\"fn n\">Juan<\/span><\/span><\/span>\t\t\t<span class=\"posted-on\">\n\t\t\t\t<time class=\"entry-date published\" datetime=\"2023-04-18T07:22:13-04:00\">18\/04\/2023<\/time><time class=\"updated\" datetime=\"2023-04-18T07:25:01-04:00\">18\/04\/2023<\/time>\t\t\t<\/span>\n\t\t\t\t<\/div><!-- .entry-meta -->\n\t<\/header><!-- .entry-header -->\n\t<div class=\"entry-summary\">\n\t\t<p>SMART Recovery se centra en el desarrollo de habilidades y herramientas para ayudar a las personas a superar su adicci\u00f3n. En cuanto a los lapsos y los relapsos (reca\u00eddas), SMART no los ve como un fracaso, sino como un proceso normal en el camino hacia la recuperaci\u00f3n. En SMART te animamos a aprender de tus&#8230;<\/p>\n\t<\/div><!-- .entry-summary -->\n\t<footer class=\"entry-footer\">\n\t\t\t<div class=\"entry-actions\">\n\t\t\t<p class=\"more-link-wrap\">\n\t\t\t\t<a href=\"https:\/\/smartrecovery.org.es\/staging\/lapsos-y-relapsos\/\" class=\"post-more-link\">\n\t\t\t\t\tLeer m\u00e1s<span class=\"screen-reader-text\"> Lapsos y relapsos<\/span><span class=\"kadence-svg-iconset svg-baseline\"><svg aria-hidden=\"true\" class=\"kadence-svg-icon kadence-arrow-right-alt-svg\" fill=\"currentColor\" version=\"1.1\" xmlns=\"http:\/\/www.w3.org\/2000\/svg\" width=\"27\" height=\"28\" viewBox=\"0 0 27 28\"><title>Continuar<\/title><path d=\"M27 13.953c0 0.141-0.063 0.281-0.156 0.375l-6 5.531c-0.156 0.141-0.359 0.172-0.547 0.094-0.172-0.078-0.297-0.25-0.297-0.453v-3.5h-19.5c-0.281 0-0.5-0.219-0.5-0.5v-3c0-0.281 0.219-0.5 0.5-0.5h19.5v-3.5c0-0.203 0.109-0.375 0.297-0.453s0.391-0.047 0.547 0.078l6 5.469c0.094 0.094 0.156 0.219 0.156 0.359v0z\"><\/path>\n\t\t\t<\/svg><\/span>\t\t\t\t<\/a>\n\t\t\t<\/p>\n\t\t<\/div><!-- .entry-actions -->\n\t\t<\/footer><!-- .entry-footer -->\t\t<\/div>\n\t<\/article>\n<\/li>\n<li class=\"kb-post-list-item\">\n\t<article class=\"entry content-bg loop-entry post-4588 post type-post status-publish format-standard hentry category-articulos category-general\">\n\t\t\t\t<div class=\"entry-content-wrap\">\n\t\t\t<header class=\"entry-header\">\n\t\t<div class=\"entry-taxonomies\">\n\t\t<span class=\"category-links term-links category-style-normal\">\n\t\t\t<a href=\"https:\/\/smartrecovery.org.es\/staging\/category\/articulos\/\" class=\"category-link-articulos\" rel=\"tag\">Articulos<\/a> | <a href=\"https:\/\/smartrecovery.org.es\/staging\/category\/general\/\" class=\"category-link-general\" rel=\"tag\">General<\/a>\t\t<\/span>\n\t<\/div><!-- .entry-taxonomies -->\n\t<h2 class=\"entry-title\"><a href=\"https:\/\/smartrecovery.org.es\/staging\/las-distrosiones-cognitivas-segun-david-burns\/\" rel=\"bookmark\">Las distorsiones cognitivas seg\u00fan David Burns<\/a><\/h2>\t<div class=\"entry-meta entry-meta-divider-dot\">\n\t<span class=\"posted-by\"><span class=\"meta-label\">Por<\/span><span class=\"author vcard\"><span class=\"fn n\">Juan<\/span><\/span><\/span>\t\t\t<span class=\"posted-on\">\n\t\t\t\t<time class=\"entry-date published\" datetime=\"2023-04-02T06:37:09-04:00\">02\/04\/2023<\/time><time class=\"updated\" datetime=\"2023-03-27T20:54:21-04:00\">27\/03\/2023<\/time>\t\t\t<\/span>\n\t\t\t\t<\/div><!-- .entry-meta -->\n\t<\/header><!-- .entry-header -->\n\t<div class=\"entry-summary\">\n\t\t<p>David Burns, uno de los principales exponentes de la terapia cognitivo-conductual, identific\u00f3 las siguientes diez distorsiones cognitivas:<\/p>\n\t<\/div><!-- .entry-summary -->\n\t<footer class=\"entry-footer\">\n\t\t\t<div class=\"entry-actions\">\n\t\t\t<p class=\"more-link-wrap\">\n\t\t\t\t<a href=\"https:\/\/smartrecovery.org.es\/staging\/las-distrosiones-cognitivas-segun-david-burns\/\" class=\"post-more-link\">\n\t\t\t\t\tLeer m\u00e1s<span class=\"screen-reader-text\"> Las distorsiones cognitivas seg\u00fan David Burns<\/span><span class=\"kadence-svg-iconset svg-baseline\"><svg aria-hidden=\"true\" class=\"kadence-svg-icon kadence-arrow-right-alt-svg\" fill=\"currentColor\" version=\"1.1\" xmlns=\"http:\/\/www.w3.org\/2000\/svg\" width=\"27\" height=\"28\" viewBox=\"0 0 27 28\"><title>Continuar<\/title><path d=\"M27 13.953c0 0.141-0.063 0.281-0.156 0.375l-6 5.531c-0.156 0.141-0.359 0.172-0.547 0.094-0.172-0.078-0.297-0.25-0.297-0.453v-3.5h-19.5c-0.281 0-0.5-0.219-0.5-0.5v-3c0-0.281 0.219-0.5 0.5-0.5h19.5v-3.5c0-0.203 0.109-0.375 0.297-0.453s0.391-0.047 0.547 0.078l6 5.469c0.094 0.094 0.156 0.219 0.156 0.359v0z\"><\/path>\n\t\t\t<\/svg><\/span>\t\t\t\t<\/a>\n\t\t\t<\/p>\n\t\t<\/div><!-- .entry-actions -->\n\t\t<\/footer><!-- .entry-footer -->\t\t<\/div>\n\t<\/article>\n<\/li>\n<li class=\"kb-post-list-item\">\n\t<article class=\"entry content-bg loop-entry post-4590 post type-post status-publish format-standard hentry category-adicciones category-articulos category-general\">\n\t\t\t\t<div class=\"entry-content-wrap\">\n\t\t\t<header class=\"entry-header\">\n\t\t<div class=\"entry-taxonomies\">\n\t\t<span class=\"category-links term-links category-style-normal\">\n\t\t\t<a href=\"https:\/\/smartrecovery.org.es\/staging\/category\/adicciones\/\" class=\"category-link-adicciones\" rel=\"tag\">Adicciones<\/a> | <a href=\"https:\/\/smartrecovery.org.es\/staging\/category\/articulos\/\" class=\"category-link-articulos\" rel=\"tag\">Articulos<\/a> | <a href=\"https:\/\/smartrecovery.org.es\/staging\/category\/general\/\" class=\"category-link-general\" rel=\"tag\">General<\/a>\t\t<\/span>\n\t<\/div><!-- .entry-taxonomies -->\n\t<h2 class=\"entry-title\"><a href=\"https:\/\/smartrecovery.org.es\/staging\/la-adiccion-hacia-las-pelotas-de-los-perros\/\" rel=\"bookmark\">La adicci\u00f3n de los perros hacia las pelotas.<\/a><\/h2>\t<div class=\"entry-meta entry-meta-divider-dot\">\n\t<span class=\"posted-by\"><span class=\"meta-label\">Por<\/span><span class=\"author vcard\"><span class=\"fn n\">Juan<\/span><\/span><\/span>\t\t\t<span class=\"posted-on\">\n\t\t\t\t<time class=\"entry-date published\" datetime=\"2023-04-01T20:46:55-04:00\">01\/04\/2023<\/time><time class=\"updated\" datetime=\"2023-04-14T11:43:29-04:00\">14\/04\/2023<\/time>\t\t\t<\/span>\n\t\t\t\t<\/div><!-- .entry-meta -->\n\t<\/header><!-- .entry-header -->\n\t<div class=\"entry-summary\">\n\t\t<p>Se ha descubierto una epidemia canina que se extiende por todo el mundo: \u00a1la adicci\u00f3n a las pelotas! S\u00ed, amigos y amigas, no es ninguna broma. Parece que nuestros queridos perros han desarrollado una obsesi\u00f3n insana por perseguir y recuperar pelotas sin parar. \u00bfAlguna vez has intentado jugar con tu perro a otra cosa que&#8230;<\/p>\n\t<\/div><!-- .entry-summary -->\n\t<footer class=\"entry-footer\">\n\t\t\t<div class=\"entry-actions\">\n\t\t\t<p class=\"more-link-wrap\">\n\t\t\t\t<a href=\"https:\/\/smartrecovery.org.es\/staging\/la-adiccion-hacia-las-pelotas-de-los-perros\/\" class=\"post-more-link\">\n\t\t\t\t\tLeer m\u00e1s<span class=\"screen-reader-text\"> La adicci\u00f3n de los perros hacia las pelotas.<\/span><span class=\"kadence-svg-iconset svg-baseline\"><svg aria-hidden=\"true\" class=\"kadence-svg-icon kadence-arrow-right-alt-svg\" fill=\"currentColor\" version=\"1.1\" xmlns=\"http:\/\/www.w3.org\/2000\/svg\" width=\"27\" height=\"28\" viewBox=\"0 0 27 28\"><title>Continuar<\/title><path d=\"M27 13.953c0 0.141-0.063 0.281-0.156 0.375l-6 5.531c-0.156 0.141-0.359 0.172-0.547 0.094-0.172-0.078-0.297-0.25-0.297-0.453v-3.5h-19.5c-0.281 0-0.5-0.219-0.5-0.5v-3c0-0.281 0.219-0.5 0.5-0.5h19.5v-3.5c0-0.203 0.109-0.375 0.297-0.453s0.391-0.047 0.547 0.078l6 5.469c0.094 0.094 0.156 0.219 0.156 0.359v0z\"><\/path>\n\t\t\t<\/svg><\/span>\t\t\t\t<\/a>\n\t\t\t<\/p>\n\t\t<\/div><!-- .entry-actions -->\n\t\t<\/footer><!-- .entry-footer -->\t\t<\/div>\n\t<\/article>\n<\/li>\n<li class=\"kb-post-list-item\">\n\t<article class=\"entry content-bg loop-entry post-4586 post type-post status-publish format-standard hentry category-articulos category-formacion category-general\">\n\t\t\t\t<div class=\"entry-content-wrap\">\n\t\t\t<header class=\"entry-header\">\n\t\t<div class=\"entry-taxonomies\">\n\t\t<span class=\"category-links term-links category-style-normal\">\n\t\t\t<a href=\"https:\/\/smartrecovery.org.es\/staging\/category\/articulos\/\" class=\"category-link-articulos\" rel=\"tag\">Articulos<\/a> | <a href=\"https:\/\/smartrecovery.org.es\/staging\/category\/formacion\/\" class=\"category-link-formacion\" rel=\"tag\">Formaci\u00f3n<\/a> | <a href=\"https:\/\/smartrecovery.org.es\/staging\/category\/general\/\" class=\"category-link-general\" rel=\"tag\">General<\/a>\t\t<\/span>\n\t<\/div><!-- .entry-taxonomies -->\n\t<h2 class=\"entry-title\"><a href=\"https:\/\/smartrecovery.org.es\/staging\/hazte-voluntari\/\" rel=\"bookmark\">\u00a1Hazte voluntari@!<\/a><\/h2>\t<div class=\"entry-meta entry-meta-divider-dot\">\n\t<span class=\"posted-by\"><span class=\"meta-label\">Por<\/span><span class=\"author vcard\"><span class=\"fn n\">Lopie<\/span><\/span><\/span>\t\t\t<span class=\"posted-on\">\n\t\t\t\t<time class=\"entry-date published\" datetime=\"2023-03-30T05:21:00-04:00\">30\/03\/2023<\/time><time class=\"updated\" datetime=\"2023-03-27T20:50:52-04:00\">27\/03\/2023<\/time>\t\t\t<\/span>\n\t\t\t\t<\/div><!-- .entry-meta -->\n\t<\/header><!-- .entry-header -->\n\t<div class=\"entry-summary\">\n\t\t<p>Las ventajas f\u00edsico-psicologicas del voluntariado. El voluntariado puede ser una experiencia incre\u00edblemente enriquecedora y gratificante. Adem\u00e1s de los beneficios obvios que tiene para la comunidad, tambi\u00e9n puede tener un impacto positivo en nuestra salud emocional y bienestar general. En este art\u00edculo, exploraremos algunos de los beneficios emocionales del voluntariado. Uno de los mayores beneficios emocionales&#8230;<\/p>\n\t<\/div><!-- .entry-summary -->\n\t<footer class=\"entry-footer\">\n\t\t\t<div class=\"entry-actions\">\n\t\t\t<p class=\"more-link-wrap\">\n\t\t\t\t<a href=\"https:\/\/smartrecovery.org.es\/staging\/hazte-voluntari\/\" class=\"post-more-link\">\n\t\t\t\t\tLeer m\u00e1s<span class=\"screen-reader-text\"> \u00a1Hazte voluntari@!<\/span><span class=\"kadence-svg-iconset svg-baseline\"><svg aria-hidden=\"true\" class=\"kadence-svg-icon kadence-arrow-right-alt-svg\" fill=\"currentColor\" version=\"1.1\" xmlns=\"http:\/\/www.w3.org\/2000\/svg\" width=\"27\" height=\"28\" viewBox=\"0 0 27 28\"><title>Continuar<\/title><path d=\"M27 13.953c0 0.141-0.063 0.281-0.156 0.375l-6 5.531c-0.156 0.141-0.359 0.172-0.547 0.094-0.172-0.078-0.297-0.25-0.297-0.453v-3.5h-19.5c-0.281 0-0.5-0.219-0.5-0.5v-3c0-0.281 0.219-0.5 0.5-0.5h19.5v-3.5c0-0.203 0.109-0.375 0.297-0.453s0.391-0.047 0.547 0.078l6 5.469c0.094 0.094 0.156 0.219 0.156 0.359v0z\"><\/path>\n\t\t\t<\/svg><\/span>\t\t\t\t<\/a>\n\t\t\t<\/p>\n\t\t<\/div><!-- .entry-actions -->\n\t\t<\/footer><!-- .entry-footer -->\t\t<\/div>\n\t<\/article>\n<\/li>\n<\/ul><\/div><\/div>\n","protected":false},"excerpt":{"rendered":"<p>BLOG: Noticias, Art\u00edculos, Avisos y m\u00e1s&#8230;<\/p>\n","protected":false},"author":2,"featured_media":0,"parent":0,"menu_order":0,"comment_status":"closed","ping_status":"closed","template":"","meta":{"_kad_blocks_custom_css":"","_kad_blocks_head_custom_js":"","_kad_blocks_body_custom_js":"","_kad_blocks_footer_custom_js":"","_monsterinsights_skip_tracking":false,"_monsterinsights_sitenote_active":false,"_monsterinsights_sitenote_note":"","_monsterinsights_sitenote_category":0,"_kadence_starter_templates_imported_post":false,"_kad_post_transparent":"","_kad_post_title":"","_kad_post_layout":"","_kad_post_sidebar_id":"","_kad_post_content_style":"","_kad_post_vertical_padding":"","_kad_post_feature":"","_kad_post_feature_position":"","_kad_post_header":false,"_kad_post_footer":false,"footnotes":""},"class_list":["post-1917","page","type-page","status-publish","hentry"],"aioseo_notices":[],"taxonomy_info":[],"featured_image_src_large":false,"author_info":{"display_name":"Juan","author_link":"https:\/\/smartrecovery.org.es\/staging\/author\/juan\/"},"comment_info":0,"_links":{"self":[{"href":"https:\/\/smartrecovery.org.es\/staging\/wp-json\/wp\/v2\/pages\/1917","targetHints":{"allow":["GET"]}}],"collection":[{"href":"https:\/\/smartrecovery.org.es\/staging\/wp-json\/wp\/v2\/pages"}],"about":[{"href":"https:\/\/smartrecovery.org.es\/staging\/wp-json\/wp\/v2\/types\/page"}],"author":[{"embeddable":true,"href":"https:\/\/smartrecovery.org.es\/staging\/wp-json\/wp\/v2\/users\/2"}],"replies":[{"embeddable":true,"href":"https:\/\/smartrecovery.org.es\/staging\/wp-json\/wp\/v2\/comments?post=1917"}],"version-history":[{"count":5,"href":"https:\/\/smartrecovery.org.es\/staging\/wp-json\/wp\/v2\/pages\/1917\/revisions"}],"predecessor-version":[{"id":3297,"href":"https:\/\/smartrecovery.org.es\/staging\/wp-json\/wp\/v2\/pages\/1917\/revisions\/3297"}],"wp:attachment":[{"href":"https:\/\/smartrecovery.org.es\/staging\/wp-json\/wp\/v2\/media?parent=1917"}],"curies":[{"name":"wp","href":"https:\/\/api.w.org\/{rel}","templated":true}]}}